
-14
Let d(r) = 2*r**3 - r**2 + 3*r - 2. What is d(2)?
16
Let z(u) = -4*u**2 + 2*u. Calculate z(-3).
-42
Let k(u) = -2*u**2 + 90*u + 4. What is k(45)?
4
Let x(v) = 30*v - 566. Calculate x(19).
4
Let v(m) = m + 11. What is v(-11)?
0
Let i(d) = 45*d + 1. Calculate i(-1).
-44
Let z(h) = 2*h - 2. Determine z(1).
0
Let o(m) = m**3 - 2*m**2 + 10*m + 3. Determine o(5).
128
Let r(d) = d**3 + 7*d**2 + 4*d - 4. Give r(-6).
8
Let q(a) = 6*a**2 + 2*a. What is q(-2)?
20
Let z(g) = -g**3 - 9*g**2 - 3*g - 1. Give z(-9).
26
Let p(g) = -g**2 + 3*g + 9. What is p(-2)?
-1
Let v(p) = -63*p - 256. Calculate v(-4).
-4
Let a(x) = -x + 3. Calculate a(0).
3
Let q(d) = -d**2 + 15*d. Calculate q(14).
14
Let q(p) = p**3 - 9*p**2 + 7*p + 1. Determine q(8).
-7
Let r(c) = -10*c + 43. Give r(5).
-7
Let o(v) = -7*v + 13. Calculate o(-2).
27
Let l(y) = -y**2 - 15*y + 6. What is l(-15)?
6
Let v(i) = 17*i + 3. What is v(-2)?
-31
Let v(o) = o**3 - 19*o**2 + 21*o - 43. Determine v(18).
11
Let b(r) = -13*r + 4. What is b(-2)?
30
Let f(s) = s**2 + 59*s + 665. What is f(-15)?
5
Let v(z) = -3*z. Calculate v(-1).
3
Let x(s) = -s**2 + s - 23. Calculate x(0).
-23
Let a(o) = o**2 - 39*o + 320. Give a(27).
-4
Let v(m) = m**3 + 2*m**2 - m. Calculate v(-2).
2
Let g(t) = 4*t - 42. What is g(6)?
-18
Let o(g) = -g**3 + 5*g**2 - 6*g. Calculate o(5).
-30
Let c(w) = 4*w**2 + 24*w - 4. Calculate c(-8).
60
Let c(n) = -n**3 - 5*n**2 + 3*n - 4. What is c(-5)?
-19
Let r(d) = d**3 + 33*d**2 - 70*d - 5. Calculate r(-35).
-5
Let x(m) = m**3 + 8*m**2 + 4*m - 17. Determine x(-7).
4
Let s(j) = -5*j**2 + 2*j + 1. What is s(-1)?
-6
Let x(l) = 3*l**2 + 5*l + 3. Give x(-2).
5
Let m(v) = -v**2 - v + 12. Give m(-4).
0
Let b(l) = 7*l - 13. Give b(4).
15
Let o(s) = s**3 - 5*s**2 - 6*s - 4. What is o(6)?
-4
Let b(a) = 14*a - 42. Calculate b(6).
42
Let l(v) = -5*v**2 - 22*v + 6. What is l(-6)?
-42
Let o(v) = 3*v - 3. Calculate o(-3).
-12
Let l(c) = -c**3 - 5*c**2 + 2*c - 5. Determine l(-5).
-15
Let t(x) = -29*x - 289. What is t(-10)?
1
Let d(b) = b**3 + 3*b**2 + 3. Give d(-3).
3
Let t(j) = 15*j + 54. Give t(-3).
9
Let t(q) = 14*q + 1. Give t(0).
1
Let h(d) = 3*d**2 - 46*d - 37. Calculate h(16).
-5
Let a(g) = -74*g + 80. What is a(1)?
6
Let j(f) = -f**2 + 22*f - 87. Calculate j(5).
-2
Let v(x) = -7*x - 77. Calculate v(-11).
0
Let q(j) = -j - 16. Calculate q(-7).
-9
Let o(i) = -i**2 + 16*i - 9. Determine o(16).
-9
Let o(a) = -a**3 + 17*a**2 - 56*a - 47. What is o(12)?
1
Let c(b) = -23*b - 56. Calculate c(-4).
36
Let f(t) = -3*t**2 + 29*t + 10. Give f(10).
0
Let c(v) = v**2 - 10*v + 32. Give c(10).
32
Let z(i) = 31*i - 33. What is z(1)?
-2
Let x(g) = g**3 + 6*g**2 - 7*g + 1. What is x(-7)?
1
Let h(r) = 2*r**2 - 18*r - 13. Determine h(13).
91
Let p(x) = 63*x - 321. What is p(5)?
-6
Let r(a) = 11*a**2 + 362*a - 27. Give r(-33).
6
Let w(h) = -h**2 + 6*h - 11. Calculate w(7).
-18
Let b(d) = -d**2 - 60*d - 168. Calculate b(-3).
3
Let f(u) = -u**2 - 16*u + 24. Give f(-16).
24
Let l(i) = i**2 - 12*i - 5. Calculate l(13).
8
Let d(l) = l**3 + 5*l**2 - 5*l + 6. What is d(3)?
63
Let i(z) = z - 5. Determine i(9).
4
Let m(f) = 2*f**2 + 45*f + 46. Give m(-21).
-17
Let w(p) = 8*p + 66. Give w(-7).
10
Let o(t) = 2*t - 1. Give o(7).
13
Let q(f) = -49*f - 608. Give q(-12).
-20
Let k(f) = f**3 - 8*f**2 - 10*f + 11. Calculate k(9).
2
Let k(m) = -m**3 - 10*m**2 + 28*m + 35. Determine k(-12).
-13
Let t(w) = -w**3 - 13*w**2 - 14*w - 16. Determine t(-12).
8
Let k(h) = -5*h**2 - 2*h - 5. Calculate k(3).
-56
Let k(n) = 5*n + 9. Determine k(8).
49
Let t(q) = q**2 + 15*q - 58. What is t(3)?
-4
Let i(o) = o**3 - 7*o**2 + 12*o - 8. Give i(5).
2
Let s(v) = 11*v - 43. Determine s(11).
78
Let y(m) = -m**3 - 15*m**2 - 35*m + 18. Give y(-12).
6
Let l(m) = -m**3 + 65*m + 12. Determine l(-8).
4
Let s(k) = 2*k + 1. Determine s(2).
5
Let p(k) = -27*k - 113. Give p(-5).
22
Let f(b) = 3*b**2 + 53*b - 87. Calculate f(-19).
-11
Let f(t) = -t**3 - 5*t**2 - t - 1. Calculate f(-3).
-16
Let f(j) = j**2 + 14*j + 18. Calculate f(-12).
-6
Let s(n) = -n**2 - n - 1. What is s(-1)?
-1
Let g(n) = -n**3 + 34*n**2 - 58*n - 199. Determine g(32).
-7
Let m(y) = -3*y + 20. What is m(7)?
-1
Let h(p) = 2*p**2 - 12*p - 3. What is h(4)?
-19
Let w(j) = 3*j - 80. Give w(26).
-2
Let m(a) = a**2 - 8*a + 7. What is m(7)?
0
Let k(o) = o - 8. Give k(15).
7
Let t(p) = p**3 - 2*p**2 - 4*p - 3. Determine t(6).
117
Let p(u) = 8*u - 16. What is p(10)?
64
Let y(c) = c - 17. Determine y(15).
-2
Let g(i) = 35*i + 384. Give g(-11).
-1
Let f(q) = q**2 + 8*q + 5. Calculate f(-7).
-2
Let p(g) = 5*g**2 + 85*g - 95. Give p(-18).
-5
Let q(g) = -g**3 + 5*g**2 - 18*g + 145. What is q(6)?
1
Let z(d) = -3*d**2 + 4*d. Give z(3).
-15
Let m(t) = -9*t + 4. Calculate m(-3).
31
Let x(c) = -c**3 + 26*c + 1. Calculate x(5).
6
Let n(g) = 23*g + 1. What is n(-1)?
-22
Let m(d) = d - 10. Determine m(10).
0
Let r(w) = 5*w**2 - 2*w - 1. Calculate r(2).
15
Let i(r) = 28*r + 43. What is i(-6)?
-125
Let z(q) = -2*q - 45. Give z(-22).
-1
Let h(m) = 2*m**3 + 28*m**2 - 30*m + 8. What is h(-15)?
8
Let u(z) = z**2 + 11*z + 20. Calculate u(-6).
-10
Let n(v) = v**2 - 45*v + 379. Calculate n(34).
5
Let v(x) = -x**3 - 4*x**2 + 2*x - 14. Determine v(-5).
1
Let k(q) = 18*q + 28. Give k(-6).
-80
Let y(m) = -2*m - 31. Determine y(-19).
7
Let p(w) = -w - 3. Give p(5).
-8
Let v(f) = -2*f**3 + 36*f**2 - 33*f - 38. Calculate v(17).
-21
Let u(d) = 6*d**2 + d - 2. Calculate u(1).
5
Let m(u) = -3*u**3 - u**2 + u + 1. Calculate m(-1).
2
Let l(j) = -j**2 + j + 5. Calculate l(2).
3
Let d(f) = 2*f - 6. Determine d(-2).
-10
Let n(j) = -7*j + 32. Calculate n(5).
-3
Let g(m) = -m**2 - 10*m + 18. Give g(-12).
-6
Let i(s) = 23*s + 73. Determine i(-3).
4
Let y(v) = v**2 + 11*v - 7. Determine y(-10).
-17
Let v(g) = -g**3 - 23*g**2 + 5. Give v(-23).
5
Let x(m) = m**3 - 10*m**2 - 12*m + 15. Calculate x(11).
4
Let b(t) = -13*t**2 - 11*t - 5. Calculate b(3).
-155
Let a(l) = 4*l - 7. Determine a(-9).
-43
Let z(s) = s**3 + 14*s**2 + 12*s - 21. Calculate z(-13).
-8
Let g(b) = b**3 - 5*b**2 + 10*b - 3. Give g(4).
21
Let t(g) = -8*g + 105. Determine t(13).
1
Let w(n) = -n - 5. Calculate w(-6).
1
Let z(h) = -h**3 - 14*h**2 + h + 8. What is z(-14)?
-6
Let b(h) = -32*h + 1. What is b(1)?
-31
Let d(h) = -h**3 - 8*h**2 + 5*h + 101. Calculate d(-7).
17
Let a(h) = -19*h - 754. What is a(-40)?
6
Let i(k) = 2*k - 19. What is i(3)?
-13
Let a(z) = -4*z + 104. Determine a(8).
72
Let f(s) = 2*s**2 + 12*s + 10. What is f(-2)?
-6
Let w(y) = 8*y + 74. Give w(-8).
10
Let y(p) = 2*p + 7. Give y(-3).
1
Let z(h) = h**3 + 4*h**2 + 5*h + 3. Give z(-3).
-3
Let v(r) = 3*r**3 + r**2 - 3*r - 3. Calculate v(-3).
-66
Let k(y) = -10*y - 69. Give k(-7).
1
Let b(v) = v**2 + 4*v - 42. Calculate b(5).
3
Let q(a) = 2*a**3 + 9*a**2 + 5*a. Calculate q(-4).
-4
Let k(w) = -w**2 - 4*w - 11. Give k(-3).
-8
Let y(d) = -d**3 - 13*d**2 - 13*d + 4. What is y(-12)?
16
Let t(z) = z**2 - 19*z - 30. What is t(22)?
36
Let f(a) = 13*a + 216. What is f(-16)?
8
Let s(n) = -5*n - 4. Give s(-6).
26
Let m(d) = 4*d - 90. What is m(22)?
-2
Let p(j) = 2*j**3 + 2*j**2 + 9*j + 18. Give p(-2).
-8
Let w(b) = -22*b + 413. What is w(19)?
-5
Let r(t) = -2*t + 26. What is r(7)?
12
Let x(n) = n**3 - 18*n**2 + 16*n + 24. Determine x(17).
7
Let a(z) = -4*z**2 - 3. Determine a(-4).
-67
Let v(n) = -8*n + 2. Give v(1).
-6
Let h(y) = 11*y - 2. Calculate h(2).
20
Let x(l) = 3*l - 110. Give x(42).
16
Let u(a) = -6*a**2 - 3. Calculate u(-3).
-57
Let c(h) = -9*h - 21. Determine c(-4).
15
Let j(q) = q**3 + 3*q**2 + q + 1. What is j(-2)?
3
Let v(g) = 7*g - 12. Give v(4).
16
Let j(b) = b**2 + 16*b + 42. Calculate j(-4).
-6
Let h(r) = -r**2 - 2*r + 127. Determine h(-14).
-41
Let y(b) = -4*b**2 - 54*b - 32. Calculate y(-13).
-6
Let p(a) = 9*a**2 - 2*a - 2. Determine p(-1).
9
Let r(c) = 2*c**2 + 4*c + 11. Calculate r(-2).
11
Let p(s) = s**3 - 13*s**2 + 25*s - 27. Give p(11).
6
Let s(y) = -3*y**2 + 3*y - 1. Calculate s(3).
-19
Let u(k) = -k - 19. Calculate u(10).
-29
Let n(d) = -8*d**2 - 12*d - 1. Determine n(-2).
-9
Let x(v) = v**3 - 7*v**2 + 2*v - 8. What is x(7)?
6
Let k(o) = -o**2 - 9*o + 9. Calculate k(6).
-81
Let k(u) = 50*u**3 - 2*u - 1. Calculate k(-1).
-49
Let r(y) = -2*y**3 - 9*y**2 + 3*y - 16. Give r(-5).
-6
Let h(y) = -3*y**2 - 54